f k and 161?
7
Let c(z) = 2*z**2 + 39*z + 187. Let w be c(-15). Calculate the highest common factor of 169 and w.
13
Let d = 506 - -60. Suppose 4*j + n - d + 62 = 0, 0 = -5*n. Let z = 33 + -15. What is the highest common divisor of j and z?
18
Let s(a) = -34*a - 2. Let z be s(-6). Suppose -4*r + d + 9 = 0, -d - 4*d = 2*r + 1. Calculate the greatest common factor of z and r.
2
Let y(i) = 11*i**2 + 55*i + 4. Let a be y(-5). Suppose -790 = -a*x + 10*v - 8*v, -3*x + 590 = -v. What is the greatest common divisor of 78 and x?
39
Let j = 8269 + -5524. What is the highest common divisor of 732 and j?
183
Let n = -2 - -5. Suppose -19 = 3*b + 4*o - 83, -n*b + 3*o + 57 = 0. Suppose -638*r - 1381 = -7761. Calculate the greatest common divisor of b and r.
10
Suppose -5*j + 5 = 2*z - 3, -3*j + 11 = -5*z. Let s be (z - -391)*(-38)/57. Let h be (5 - 2)*s/(-30). What is the greatest common divisor of h and 13?
13
Suppose 162 = 10*q + 292. Let o be (-284)/q + (-48)/(-312). What is the greatest common factor of o and 726?
22
Suppose 0 = 47*d - 3*d - 220. Suppose -4*q - 62 = -4*z - 174, -d*q + 136 = -4*z. Let u(m) = -2*m. Let c be u(-6). What is the greatest common factor of c and q?
12
Suppose 1027*o - 1025*o = -4*i + 5034, 0 = -4*i - 5*o + 5049. What is the greatest common factor of 24 and i?
8
Suppose -23*j + 64 = -22*j. Suppose 25 + 111 = 4*k. Let o = k + -2. Calculate the greatest common factor of o and j.
32
Let s = -2967 - -3015. Let f be (128/3)/((-32)/(-336)). Calculate the highest common divisor of f and s.
16
Let v be 3/(-8) - 10697/(-152). Let g be v/(-385) + 1060/22. Calculate the highest common divisor of 18 and g.
6
Let f be (-2)/(-3) + 6 + (-161)/21. Let s be (-50)/70*-7 + f. What is the highest common divisor of s and 108?
4
Let m be 6/66 + (-44496)/(-594). Calculate the highest common factor of m and 1975.
25
Suppose 3*y = -4*y. Let m(o) = -o**2 - o + 2. Let g be m(y). Suppose g*r - 100 = -3*r. Calculate the highest common divisor of r and 8.
4
Suppose -32*j = -28*j - 564. What is the highest common factor of 1175 and j?
47
Suppose -4 = 4*a, 2*x - a = 72 + 193. What is the greatest common factor of x and 96?
12
Suppose 0 = -33*x + 36*x - 714. Suppose 0 = 17*s - x - 544. What is the greatest common divisor of 184 and s?
46
Let r(v) = 5*v**2 - 663*v - 2648. Let b be r(-4). Calculate the greatest common factor of 6657 and b.
21
Let p be (-2)/((-4)/2) + 29. Let n = -43 - -323. Suppose 26*d - 12*d = n. Calculate the highest common factor of d and p.
10
Let d = 6215 + -5844. What is the highest common divisor of 159 and d?
53
Let o(d) = -16*d**3 - 10*d**2 - 15*d - 18. Let i be o(-5). What is the highest common factor of 39 and i?
13
Let w = -337776 - -337852. Suppose 5*o = 5, 3*a + 2*o - 572 = -0*a. Calculate the highest common factor of w and a.
38
Suppose -217*i + 43*i = -247254. What is the highest common factor of 145 and i?
29
Suppose 5*t + 8 = -2*y, 3*y - 2*t - 20 = y. Let i = 4470 + -4212. Calculate the greatest common factor of i and y.
6
Let l = 39 + -65. Let b = -20 - l. Suppose -z + b + 4 = 0. What is the greatest common factor of 90 and z?
10
Let r be (-10)/4*(-1248)/120. Let m be 9/((-9)/(-6) + 0). Calculate the greatest common divisor of r and m.
2
Let g = -210 + 123. Let u = -88 - g. Let f be (-4 - (2 + u)*-2) + 86. Calculate the greatest common divisor of f and 12.
12
Let x = -11 + 13. Let c(m) = 23 - 24 + 27*m**2 + 13*m**x. Let f be c(-1). Calculate the greatest common divisor of f and 156.
39
Suppose 0 = 6*y - 12*y - 438. Let m = y + 163. Calculate the highest common factor of 20 and m.
10
Let r be (-3790)/(-2) - 28*7/28. What is the highest common factor of 8 and r?
8
Suppose 1387*l - 1371*l - 370 = 526. Let s = 4 + 3. Calculate the highest common factor of s and l.
7
Suppose 38*u = 33*u + 105. Suppose 3*m - u*m + 12690 = 0. What is the greatest common factor of m and 15?
15
Let h be ((20 - 13) + -17)/(-5). Calculate the highest common factor of h and 694.
2
Let o be 4485/3 + 2 + (9 - 9). Calculate the highest common factor of o and 3.
3
Let x(d) = -d**2 - 19*d + 70. Let b be x(-23). Let p be 80/(-440) - 1588/b. What is the highest common divisor of p and 54?
18
Let o(i) = 122*i - 13. Let k be o(3). Let b = -201 + k. What is the highest common divisor of 95 and b?
19
Let z be 13825/14 + 8*(-8)/(-128). Calculate the greatest common divisor of z and 26.
26
Let x be 287/164*(1201 - (-6 + 3)). What is the highest common factor of x and 43?
43
Suppose 0*r + r = -2*f - 346, 4*f = 4*r + 1432. Let j = -298 - r. Calculate the highest common divisor of 64 and j.
8
Let d(o) = -o**3 + 11*o**2 + 7*o + 16. Let v be d(12). Let i = 49 + v. Let j = i + 7. Calculate the greatest common divisor of j and 132.
12
Suppose -n + 1561 = 2*h, -13*h - 5*n - 1555 = -15*h. Calculate the highest common factor of h and 3.
3
Let k = 3471 + -3439. Calculate the greatest common factor of k and 784.
16
Let t be ((-966)/9)/((-4)/12). Let d(f) = f**3 + 27*f**2 - 3*f - 67. Let u be d(-27). What is the highest common factor of t and u?
14
Suppose -3*k + 304 = u, -2 = -5*k + 28. What is the greatest common factor of 533 and u?
13
Let o = -27 + 33. Suppose 2*q + q = 0, 0 = 2*b + 4*q - o. Let y be (-6 + b)/((-1)/5). Calculate the highest common divisor of 15 and y.
15
Let a be 1/(3/270*-3). Let u be (-45)/(-2)*(-108)/a. What is the greatest common factor of u and 3?
3
Let h(i) = -517*i + 2629. Let u be h(5). Calculate the highest common divisor of u and 803.
11
Suppose 6*v = 5857 + 26387. Suppose 0 = -16*i - 1678 + v. Calculate the greatest common divisor of i and 33.
33
Suppose m - 2 = -m + 4*z, 4*z - 13 = -3*m. Suppose -m*q = -6*q - v + 10, -25 = 5*v. Calculate the highest common divisor of q and 5.
5
Suppose -1567 = -y - 4*k, 78*k + 35 = 83*k. Calculate the greatest common factor of y and 81.
81
Let a be -3 - 159/(-9)*3. Let t be (-1 + 5 + -2)*a. What is the highest common divisor of 10 and t?
10
Suppose 3*v = 2*v - 1, -2*v = -2*q + 98. Suppose 14 = -46*i + q*i. Calculate the greatest common divisor of i and 8.
1
Suppose 1463*n + 4*d + 6036 = 1465*n, 3*n + d = 9110. What is the greatest common divisor of n and 738?
82
Let d = -45 - -47. Suppose c = 3*h - 14, d*c - 3 = -4*h - 1. Suppose -q + h*q - 36 = -2*t, -t - 3*q + 24 = 0. What is the greatest common factor of t and 135?
15
Suppose 0 = -4*r + 2*n + 2118 + 15460, 4392 = r + 2*n. What is the greatest common divisor of r and 2?
2
Suppose 2*w = 4*b + 40, -5*b + 3*b + 46 = 2*w. Let m(u) = u - 17. Let n be m(w). Calculate the highest common factor of n and 4.
1
Suppose 25*k - 24*k - 381 = 0. Suppose k + 24 = 5*b. Calculate the highest common factor of 36 and b.
9
Let a(y) = -25*y**3 - 2*y**2 - 3*y - 12. Let w be a(-2). What is the highest common factor of w and 2914?
62
Let c = -1423 - -1469. Calculate the greatest common factor of 299 and c.
23
Let l(v) = 22*v + 1473. Let z be l(19). What is the greatest common divisor of z and 124?
31
Suppose -1173 - 1801 = -2*l + 2*u, 2*l + u = 2989. Calculate the greatest common factor of l and 4.
4
Suppose 0 = 13*o - 15*o + 10, 3*o - 3135 = -3*f. Calculate the highest common divisor of f and 65.
65
Let r be ((-13)/(117/(-276)))/((-10)/(-1335)). What is the greatest common factor of r and 356?
178
Let s(w) = -w**2 - 20*w + 2. Let h be s(-20). Suppose 0 = -42*y - 92*y + 29480. Calculate the highest common factor of h and y.
2
Suppose 0 = 2*l + 5*k - 1931 + 455, 0 = -5*l + 16*k + 3576. What is the highest common divisor of 3016 and l?
104
Let z(t) = t**3 + 17*t**2 - 18*t + 7. Let x be z(-18). What is the highest common divisor of x and 49?
7
Suppose 5*o - 4*o = z + 7, 59 = 5*o + z. Let x(q) = -16*q**3 + q**2 - q. Let l be x(-1). Suppose -u + l = -o. What is the greatest common divisor of 232 and u?
29
Let c = 222 + -393. Let f be c/76 + (-2)/(-8). Let q be f + 9/2 - 1/(-2). What is the greatest common divisor of q and 1?
1
Suppose 11*v = 1004 + 3033. Let d = 371 - v. Calculate the highest common divisor of d and 24.
4
Let l be ((-1445)/(-170))/((-4)/(-26)) + (-6)/24. Suppose 4*d + 12 - 52 = 0. Calculate the greatest common divisor of d and l.
5
Let f be (-1 + -5)/((-1)/(-2)). Let j be f/54 - (-56)/9. Let d(l) = l**2 - 25*l + 68. Let c be d(3). Calculate the highest common factor of c